of 24 and n?
3
Suppose -6*g + 724 = -752. What is the highest common factor of g and 6?
6
Suppose -40*s + 42 = -1278. Calculate the highest common factor of s and 99.
33
Suppose 2*q - 24 = -q. Let f(x) = -2*x**2 + 4*x - 3. Let n be f(2). Let r be (q + n)/((-2)/(-14)). What is the greatest common divisor of r and 7?
7
Suppose 40 = -3*a + 5*a. Calculate the greatest common factor of 10 and a.
10
Suppose -3*t + 75 = -2*t. Suppose -5*r - 55 = -3*c - 0*c, -5*r - t = -5*c. Let x = 446 + -421. What is the greatest common divisor of c and x?
5
Let r(u) = 63*u + 43. Let a be r(3). Calculate the highest common factor of 8 and a.
8
Let g(i) = -i**3 - 18*i**2 - 17*i + 21. Suppose 0 = -n + j - 19, 0 = 5*n - 3*j + 2*j + 87. Let h be g(n). What is the highest common divisor of h and 6?
3
Suppose 2*g - 5*f + 2*f = 12, -g = 5*f - 6. Let r be ((-3)/(-6))/((-1)/(-36)). Calculate the highest common factor of g and r.
6
Suppose 39 + 45 = 3*i + 3*z, -5*i + 2*z + 168 = 0. What is the highest common factor of i and 24?
8
Suppose -570 = -3*n + 5*l, 6*l - 9*l + 760 = 4*n. Calculate the greatest common divisor of n and 60.
10
Let g be (8 + -7)*(14 - 1). Let w(x) = 4*x**2 + 6*x + 3. Let q be w(-7). Let v = q - 66. What is the greatest common divisor of v and g?
13
Let d(o) = 13*o**2 + 6*o + 3. Let j be d(-1). Let b(n) = -5*n. Let y be b(-1). Calculate the highest common divisor of j and y.
5
Suppose -82 = -2*y - v, -y - y - 4*v = -76. What is the greatest common factor of 112 and y?
14
Let m be ((-6)/(-10))/(4/20). Suppose k = m*r + 9, 6*k - 3*k + 3*r - 87 = 0. Let u = 5 - 1. Calculate the highest common factor of k and u.
4
Suppose -10*h + 632 = 142. Suppose -16 = -2*y - 2. What is the highest common factor of y and h?
7
Suppose 192 = -4*v - r, 2*v - 2*r + 74 = 3*r. Suppose 2*m + 54 = 2*f, -m + 2*f + 54 = -3*m. Let s = m - v. What is the highest common factor of 30 and s?
10
Suppose -22420 = 21*r - 97*r. What is the highest common divisor of r and 5?
5
Suppose -3*g + 5*h - 8 - 5 = 0, 0 = 3*g + 3*h - 27. Suppose 3*x - 6*x + b + 25 = 0, -g*x + 35 = -b. What is the highest common factor of 30 and x?
10
Let o = -26 - -15. Let n be -2 - 0 - 90/9. Let d = o - n. What is the highest common divisor of d and 9?
1
Let n(j) = j + 17. Let a be n(0). Let s = 22 - 13. Let z = a - s. Calculate the highest common divisor of 24 and z.
8
Let i(w) = 66*w - 6. Let t be i(6). Let k = t - 206. Let p(n) = 22*n**3 - n + 2. Let y be p(1). What is the greatest common divisor of y and k?
23
Let m(g) = -15*g + 33. Let f be m(2). Let c be (-228)/18 - 2/(-3). Let q = c - -21. What is the highest common factor of f and q?
3
Suppose 0 = -0*z - z + 14. Let l(x) = -9*x - 77. Let u be l(-9). Let b be (-21)/30*u*-35. What is the greatest common factor of z and b?
14
Suppose 98 = 2*b + 5*u, -2*b + u - 46 = -3*b. Suppose b = w - 28. What is the greatest common divisor of 180 and w?
36
Suppose 0*w + 3*w = -9. Let a(o) = o**3 + 7*o**2 + 7*o + 5. Let u be a(-6). Let s be u + w*44/(-12). Calculate the greatest common divisor of s and 40.
10
Let o(j) = 7*j**2 + j - 2 + 1 + 0 - 5 - j**3. Let y be o(7). Let p(q) = -q**3 - q**2 - 2*q + 1. Let x be p(0). What is the highest common factor of y and x?
1
Let w be (-10)/2 - (-3 + -44 + -2). Calculate the greatest common factor of w and 330.
22
Let x = -30 - -31. Let s be (0 - -4)/(x/12). Calculate the greatest common factor of s and 120.
24
Let d = 0 - -16. Suppose 4*i = -4*t + 120, -d = -t - 3*i + 6. Calculate the greatest common divisor of 34 and t.
34
Let h(j) = -24*j**2 + 3*j - 1. Let d be h(-2). Let f = -73 - d. What is the greatest common factor of 40 and f?
10
Let u be (-750)/(-27) - 10/(-45). Let m be (u/(-70))/((-4)/10). What is the greatest common divisor of 1 and m?
1
Let t be 0 + 1 - (0 + -11). Let k = 1226 - 806. Suppose -6*n + n = -k. What is the highest common factor of n and t?
12
Let u be (-63)/(-36) + (-2305)/(-20). Calculate the greatest common divisor of 3 and u.
3
Let i(u) = 9*u + 22. Let g be i(3). What is the greatest common divisor of 98 and g?
49
Let r(d) = -d**3 - 5*d**2 - d - 56. Let l be r(-7). Calculate the highest common divisor of l and 2156.
49
Let b(g) = 5*g + 1 + 2*g - 9 - 2*g. Let w be b(9). Suppose -4*p + w = f, -5*p + 0*f = 2*f - 47. What is the highest common divisor of 6 and p?
3
Let l be (-10)/(-4) - (-2)/(-4). Let k(m) = 4*m**3 - 12*m**2 + 21*m - 61. Let i be k(3). What is the highest common divisor of l and i?
2
Let a(c) = c + 9. Let i be a(-7). Suppose -h - 13 = i*u - 3, 0 = -4*h - u - 5. Let r be 160 + h*(-1)/(-2). Calculate the greatest common factor of 20 and r.
20
Suppose 707 = 5*c - 648. Suppose 2*i - 3*h = -98, 0 = -5*i - 0*i + h - c. Let n be 1/(-3) + i/(-3). Calculate the highest common factor of n and 27.
9
Let q be 24/(-10)*15/(-6). Suppose -10*b = -q*b - 24. Calculate the greatest common factor of b and 16.
2
Let n = 181 - 100. What is the highest common factor of 36 and n?
9
Suppose -3*p + 9*p = 468. Suppose 5*d - 5*g = 5, -2*d = 5*g - 15 - 22. What is the highest common divisor of d and p?
6
Let m = 22 + -16. Let r(y) = 2*y**3 - 29*y**2 - 15*y + 2. Let v be r(15). Suppose m*l - v*l = 484. What is the highest common factor of l and 11?
11
Let f = 35 - 31. Suppose -1 = f*u - 49. Let t be -1 - (1 - 1) - -85. What is the greatest common divisor of t and u?
12
Let h = -24 + 21. Let x be h/2*(-2560)/30. Suppose 2*n + 52 = 2*m - 3*n, -4*m + 4*n + x = 0. What is the greatest common divisor of 9 and m?
9
Suppose 115*x + 1560 = 120*x. What is the highest common factor of 48 and x?
24
Suppose -5729 + 2102 = -9*p. Calculate the highest common factor of p and 62.
31
Let d = 5 + 6. Suppose 0 = -13*x - 5*x + 396. What is the highest common factor of x and d?
11
Let x = 825 + -564. What is the highest common factor of 18 and x?
9
Let g = -168 + 84. Let j = 94 + g. What is the highest common divisor of 170 and j?
10
Let l(r) = -4*r**2 + 95*r - 4. Let c be l(3). What is the highest common divisor of 420 and c?
35
Let o = 488 + -92. Suppose -3*c - 489 = -y, -4*c - 2*y - 876 + 214 = 0. Let t = c + o. What is the highest common divisor of t and 29?
29
Suppose -5*a - 750 = -5*u, 4*a + 300 = 2*u - a. What is the greatest common divisor of u and 75?
75
Let f(v) = 8*v - 1. Let u be f(6). Let r = -41 - u. Let p = -53 - r. Calculate the highest common factor of p and 14.
7
Suppose 4*c + 67 = 51, -441 = -x + c. Calculate the greatest common factor of x and 115.
23
Let m(j) = -j**3 - 5*j**2 - 5*j + 21. Let y be m(-5). Calculate the greatest common divisor of 69 and y.
23
Let l = 299 + -279. Suppose -8*q - 216 = -l*q. Suppose -z - 2*z = 0, -2*o = 5*z - 288. What is the highest common factor of o and q?
18
Let b = -10 - -9. Let c be b/2*(-2 - -2). Suppose c = x - 201 + 30. What is the highest common factor of 19 and x?
19
Let u(m) = m**3 - 52*m + 2. Let d be u(8). Calculate the highest common divisor of d and 98.
98
Let k = 72 + -47. Calculate the greatest common divisor of 300 and k.
25
Let t(x) = 3*x**2 + x - 9. Let f be t(-3). Suppose -3*k = q - 41, -7 = -k - q - q. Calculate the greatest common divisor of k and f.
15
Let v(y) = y**3 - 9*y**2 - 2. Let k be v(10). Let b(p) = p + 48. Let q be b(1). Calculate the highest common factor of k and q.
49
Suppose 0 = -5*z - 5*g - 70, 4*z + 48 = -2*g - 4. Let p = z - -20. Let o(t) = 33*t**2 - 9*t + 8. Let n be o(1). Calculate the highest common factor of p and n.
8
Suppose -14*x = -15*x + 167. Suppose -x = -5*l + 4*m, -2*m = 5*l - 5 - 144. What is the highest common factor of l and 31?
31
Let t(c) = 12*c - 31. Let o be t(4). Suppose 2*s + 112 = -a + 3*a, -3*a + 158 = -s. What is the greatest common factor of o and a?
17
Suppose -9 = -3*t, -o + 2*t = 3*o - 90. Suppose o - 11 = q. Calculate the greatest common divisor of q and 13.
13
Suppose 0 = -0*w - 3*w + 12. Suppose -2*o + 2*b + 92 = 0, -4*o = -3*b - 338 + 156. What is the greatest common factor of w and o?
4
Let w(z) = 2*z**3 + 5*z**2 + 6*z + 9. Let r be w(-4). Let g = 132 - r. What is the highest common divisor of g and 78?
39
Let u(w) = -4*w + 3. Let k be u(-7). Suppose 22*g = -g + 5704. Calculate the greatest common divisor of k and g.
31
Suppose 3*c - 4 = -4*j, 5*c = -2*j - 1 + 3. Suppose -2*f + j = -19. Let p = 4 + 6. What is the greatest 